+ t. Let w(j) = 6*j + 10. Let h(x) = 5*x + 9. Let o(f) = -5*h(f) + 4*w(f). Give o(c).
-2
Let h(g) = 3*g**2 - 21*g - 3. Let o(m) = 2*m**2 - 14*m - 2. Let n(j) = -5*h(j) + 8*o(j). Let d be (0 - (2 - -4)) + 10. What is n(d)?
-13
Suppose b - 15 = 4*v, -b + v = 4*v + 6. Suppose -b*x = -4*x + 4*l - 19, 0 = -x - 3*l + 2. Let w be (-8)/(-24) + x/3. Let j(a) = -2*a + 1. Give j(w).
5
Let j(c) = -4*c**3 - 1 + 6*c**2 - 6*c**2 + 35*c - 37*c. Give j(-1).
5
Let t(y) = -2*y - 4 + 10*y - 5*y + y. Calculate t(7).
24
Let r be 2/(-7) - (-60)/(-35). Let x be r*((-3)/2 + 1). Let p(t) = -9*t**3 + t**2 - 2*t + 1. Give p(x).
-9
Let n be (-8)/(-3) + 2/(-3). Let m(g) = -5*g - g**2 + 3*g - g - n*g - 5. Calculate m(-5).
-5
Let x(b) = 2*b**2 - 2*b + 2*b + 0 - 2*b + 2. Calculate x(2).
6
Let y(v) be the second derivative of 0 + v**2 - 1/20*v**5 + 1/12*v**4 - 3*v - 1/3*v**3. Determine y(2).
-6
Let o(z) = -z**2 - 10*z - 4. Let g(t) = -6 + 17 + 4*t**2 + 29*t - t**2. Let y(p) = 4*g(p) + 11*o(p). Determine y(-6).
0
Let l(x) = 1 - 3*x - 1 - x**2 - 3 + 3*x**2. Give l(3).
6
Let z(h) be the third derivative of h**4/24 + h**3 + h**2. Determine z(0).
6
Suppose v - a - 7 = a, -8 = -2*v + 2*a. Let t(n) be the third derivative of -n**5/60 - 2*n**2. Give t(v).
-1
Let f(k) = k - 1. Let z be f(1). Suppose -2*o + 2 = -0. Let h be o*(0 - z - -3). Let q(b) = -b**3 + 4*b**2 - 3*b - 4. What is q(h)?
-4
Let i(x) = x + 5. Let w(s) = -s - 6. Let r(d) = 5*i(d) + 4*w(d). Determine r(2).
3
Let h(s) = s**3 - s - 22. Let w be -1 + 1/(-1 - -2). Calculate h(w).
-22
Let c(n) = -1. Let a(l) = -l + 2. Let z(y) = -a(y) - 4*c(y). Determine z(-6).
-4
Let t(k) be the second derivative of 1/2*k**3 + k**2 - 1/12*k**4 + 0 - 3*k. Suppose -2*p + 14 = 4*y, -2*p = p + y - 11. Calculate t(p).
2
Let x(r) = r**2 - 4*r + 3. Let f(g) = g**2 - 9*g - 8. Let o be f(10). Let q be (-20)/(-4) + o/(-2). What is x(q)?
3
Let u = 10 - 5. Let h(j) = 0*j + 5 + 2*j**2 - 3*j**2 + 5*j. Give h(u).
5
Suppose -t + 2*l + 4 = 0, 0*t - 2*l - 4 = -5*t. Suppose t = 4*j + j + 25. Let m(g) = -5*g - 7. Let f(s) = 4*s + 6. Let p(a) = 4*f(a) + 3*m(a). What is p(j)?
-2
Let l(i) be the second derivative of -i**5/20 - 5*i**4/12 + i**3/2 + i**2/2 + 8*i. Give l(-5).
-14
Let o(z) be the second derivative of z + 0 + 1/2*z**4 + 0*z**3 - 1/2*z**2. Let p(r) = r**2 - 3*r - 1. Let k be p(3). What is o(k)?
5
Suppose -4 = -0*c - c. Let r(s) = -c + 4 - s. Let w be (-1)/1 + 0 - -4. Calculate r(w).
-3
Let m(r) = r**3 + 0 + 10*r**2 + 1 - 7*r**2. Let w be m(-3). Let h(f) be the first derivative of -f**3/3 + f - 1. Give h(w).
0
Let h(d) = -10*d**2 + 9*d - 1. Let q(t) = 7*t**2 - 8*t + 2. Let s(v) = 2*h(v) + 3*q(v). Suppose -3*u + 3*i = -0*i - 12, 0 = -3*u - 2*i + 12. Determine s(u).
-4
Let u(x) be the second derivative of 1/6*x**3 + 0 - 2*x - 5/2*x**2 - 1/12*x**4. Determine u(0).
-5
Let n(g) = -2*g - 2. Let f(r) = -7*r + 4. Let c(h) = f(h) - 4*n(h). Suppose w + 3*k + 1 = 0, -3*k - 2*k = -10. What is c(w)?
5
Let w(m) = 2*m - 5. Let v(c) = -c. Let x(r) = -3*v(r) - w(r). Let i(a) = -2*a**2 + 24*a - 27. Let p be i(11). Determine x(p).
0
Let w(p) = p**2 - 2*p + 1. Suppose -l = -0*l - 1. Let s be w(l). Let z(v) be the third derivative of -v**5/60 - v**4/24 + v**3/3 - 4*v**2 - 3. Calculate z(s).
2
Let v(r) be the second derivative of r**5/20 + r**4/2 + r**3/3 + 7*r**2/2 + r. Let a be v(-6). Let p(l) = 2*l. Determine p(a).
-10
Let c(t) = t**2 + 3*t + 2. Let d = -6 - -3. Let o = -1 - d. Suppose -2*u = o*u + 16. Determine c(u).
6
Suppose 3*q = -4*g + 14, 4*g - 4*q - 6 = -3*q. Let v = g - 0. Let c(t) = -2*t. Give c(v).
-4
Let r(v) = 4*v - v**3 - 3*v**2 + 7 + 0 - 5. Calculate r(-3).
-10
Let o(w) = w**2 + 10*w - 12. Let b be o(-11). Let u(g) = -7*g**3 + g + 1. Give u(b).
7
Let d be 2/6*-1*9. Let p(b) = b**3 + 4*b**2 + 2*b - 3. What is p(d)?
0
Let z(l) = l**3 - 4*l**2 + 3*l + 4. Suppose 1 = 4*x + 3*m - 11, 3*m - 6 = -2*x. What is z(x)?
4
Let z(r) = r**3 - 7*r**2 - 6*r + 9. Let y(i) = 3*i**2 - 1 - i**2 + 4*i**2 - 5*i**2. Let k(x) = 4*y(x) + z(x). What is k(4)?
-3
Suppose 3*a = -t + 4*t, 5*a - 3*t = 4. Suppose 0*m - m = -a. Let c be (0/(-1) - -2)*m. Let f(y) = -y**3 + 4*y**2 + 3*y - 6. Calculate f(c).
6
Let n be 6/18 - 16/(-6). Suppose 1 = 2*x - n. Let m(z) = 0*z + 4*z - 5 - x*z. Calculate m(5).
5
Let f(v) be the third derivative of -v**7/840 - v**6/72 - v**5/30 + 5*v**4/24 + v**3/3 - v**2. Let x(k) be the first derivative of f(k). Calculate x(-4).
5
Let z be (-2 - (-4 + 7)) + 3. Let a(p) = 6*p - 5. Let t(f) = -3*f + 2. Let g(j) = -2*a(j) - 5*t(j). Calculate g(z).
-6
Let r(g) = -g**2 - 9*g - 10. Suppose 0 = 3*i - 7 + 28. Calculate r(i).
4
Let g(d) = d + 2. Let x(h) = 2*h + 19. Let b be x(-7). What is g(b)?
7
Let b = -2 - -2. Let a(y) be the first derivative of y**3/3 + y**2/2 + 3*y + 9. Determine a(b).
3
Let d(m) be the third derivative of 0*m**3 - 11/24*m**4 + 0 + 0*m + m**2. What is d(1)?
-11
Let u(i) be the third derivative of 17*i**4/24 + 10*i**2. What is u(-1)?
-17
Let n(x) = x**2 + 8*x - 4. Suppose 5*g + f - 2*f + 49 = 0, 4*g + 16 = -5*f. What is n(g)?
5
Let g = 6 + -4. Let h = 5 - g. Let a(k) = -2*k - 1. Give a(h).
-7
Let b(c) = -c**2 - 8*c - 3. Let r(t) = -t**2 - t + 13. Let s be r(4). Calculate b(s).
4
Let w(b) = b**2. Let u(m) = 7*m**2 + m - 10. Let y(z) = u(z) - 6*w(z). Determine y(0).
-10
Let p = 10 - 7. Let u(n) = 5 - 2*n - 4 - 2 - p. What is u(-5)?
6
Let l(z) = -z**2 + 5*z + 2 + 0*z - 3*z. What is l(3)?
-1
Suppose -a - 6 = 3*p - 4*a, 6 = -2*p + 3*a. Suppose -q + p*t + 5*t = 10, 5*q - 22 = t. Let c(s) = s**3 + 6*s**2 + s**3 - 1 - 6*s - 3*s**3. Determine c(q).
-6
Let y = 1 + 1. Suppose -v + 4 = y. Let h(k) = -3 + k - k - 3*k + v*k. Calculate h(-5).
2
Suppose -35*o = -37*o + 4. Let v(y) = -y**3 + 2*y**2 - 2*y. What is v(o)?
-4
Let x be (2*12/(-16))/(-12). Let v(l) be the third derivative of -1/120*l**6 + 0 - 2/3*l**3 - 3*l**2 + 1/15*l**5 + 0*l - x*l**4. Determine v(3).
-4
Let w = 8 + -5. Suppose w*s = -s. Suppose -5*z + s*z + 5 = 0. Let l(x) = -3*x**3 + x - 1. Calculate l(z).
-3
Let y(u) = -5*u - 42 + 39 + u + u. Let d(j) = -4*j - 4. Let b be d(-3). Let p be (-2)/6 - b/3. Calculate y(p).
6
Let j(f) be the third derivative of -f**6/120 - f**5/30 - f**4/24 + 12*f**2 + 2. Give j(-3).
12
Let k = -4 + 10. Let y be (k/4)/((-6)/8). Let j(h) = -h + 1. Determine j(y).
3
Let r(n) = -5*n**2 + n. Let h be r(-1). Let x(y) be the third derivative of -y**4/24 - 4*y**3/3 - 3*y**2. Let l be x(h). Let g(w) = -2*w. What is g(l)?
4
Let y(h) be the first derivative of h**4/4 - 2*h**3 - 4*h + 5. Calculate y(6).
-4
Let o(n) = -2*n + 1. Let j be o(-5). Suppose -c + j = l, l = 5*c + 2 - 39. Let w(u) = -u**2 + 9*u - 7. Give w(c).
1
Let c(x) be the second derivative of -x**4/12 + x**3/6 + x**2/2 + 8*x. Give c(0).
1
Suppose 2*u = -3*u - 2*q + 20, -u - 3*q = -17. Let p(v) be the first derivative of 2 - 1/2*v**u + 4*v. What is p(0)?
4
Let s(r) = r**2 + 3*r + 2. Let k = 0 - -2. Suppose -7 = -4*t - y, 16 = k*t - y - y. Suppose -f - f = -10, f = -w + t. Give s(w).
0
Let a(j) = j + 415 + j - 413. What is a(-4)?
-6
Let c(l) = -l**2 - 2*l. Let j = -96 + 93. Determine c(j).
-3
Suppose 3*s = -0 - 3. Let n = s - 0. Let a(o) = -7*o + 1. Let l(q) = 29*q - 4. Let i(j) = 9*a(j) + 2*l(j). Calculate i(n).
6
Suppose -4*t = -4, m + 5*t = 5*m + 29. Let c(x) = -2*x - 8. Calculate c(m).
4
Let h = -5 + 1. Let r(i) be the second derivative of -i**5/20 - i**4/4 + 2*i**3/3 - i**2 - 21*i. Calculate r(h).
-2
Let f(z) = 8*z + 4. Let c(n) = -n - 1. Let l(p) = -6*c(p) - f(p). What is l(-2)?
6
Let c(q) = q**2 + 8*q + 7. Let p(t) = -t**2 + 2*t + 4. Let b(o) = o**2 - 3*o - 3. Let x(h) = 5*b(h) + 4*p(h). Let i be x(6). Give c(i).
-8
Let j(i) = -i**3 + 3*i**2 + i - 2. Let m be j(3). Let w(v) = -4 - m + 2 - 5*v. Let y(g) = 3*g + 1. Let a(l) = -4*w(l) - 7*y(l). Give a(6).
-1
Let g(t) = -4*t**2 - 29*t - 37. Let x(y) = y**2 + 7*y + 9. Let m(p) = -2*g(p) - 9*x(p). Suppose -8 = -3*i - 32. Let v = i + 3. Calculate m(v).
-7
Let l be 3/(-6)*2*-1. Let z(v) = 1 + l - 4*v - 2 - 1. What is z(1)?
-5
Let j(s) = -20 + 7 + 14 - s. Give j(5).
-4
Let h(u) = 4*u**2 + 7*u + 3*u**2 - 2*u**2 - 4*u**2 - 6. Let b be h(-8). Let t be 10/4 - 1/b. Let z(r) = 4*r. Give z(t).
8
Let s(x) = x**3 + 3*x**2 + x + 1. Let f = 3 - -1. Let c(z) = -z**3 + 3*z**2 + 4*z + 4. Le